{"id":4244,"date":"2020-06-02T11:34:31","date_gmt":"2020-06-02T15:34:31","guid":{"rendered":"http:\/\/www.colegio-sanandres.cl\/?page_id=4244"},"modified":"2020-06-02T18:34:12","modified_gmt":"2020-06-02T22:34:12","slug":"es-hora-de-volver-a-vernos-conversatorios-csa","status":"publish","type":"page","link":"http:\/\/www.colegio-sanandres.cl\/?page_id=4244","title":{"rendered":"\u00abConversatorios  CSA\u00bb Jueves 4 y Viernes 5 de Junio."},"content":{"rendered":"\n<p style=\"text-align: justify;\">Esta actividades ser\u00e1 por nivel educativo, a trav\u00e9s de la plataforma Meet en los siguientes d\u00edas y horarios:<\/p>\n<table style=\"border-color: #050505; width: 98.2761%; border-style: solid; height: 1462px;\" width=\"1104\">\n<tbody>\n<tr style=\"height: 10px;\">\n<td style=\"width: 7.85229%; height: 10px; text-align: center;\" width=\"276\">\n<p><span style=\"background-color: #ffffff;\"><b>NIVEL REUNI\u00d3N<\/b><\/span><\/p>\n<\/td>\n<td style=\"width: 7.98153%; height: 10px; text-align: center;\" width=\"229\">\n<p><span style=\"background-color: #ffffff;\"><b>D\u00cdA<\/b><\/span><\/p>\n<\/td>\n<td style=\"width: 6.29255%; height: 10px; text-align: center;\" width=\"229\">\n<p><span style=\"background-color: #ffffff;\"><b>HORARIO<\/b><\/span><\/p>\n<\/td>\n<td style=\"width: 22.179%; height: 10px; text-align: center;\" width=\"370\">\n<p><span style=\"background-color: #ffffff;\"><b>LINK DE ACCESO<\/b><\/span><\/p>\n<\/td>\n<\/tr>\n<tr style=\"height: 89px;\">\n<td style=\"width: 7.85229%; height: 89px; text-align: center;\" width=\"276\">\n<p>K\u00ednder<\/p>\n<\/td>\n<td style=\"width: 7.98153%; height: 89px; text-align: center;\" width=\"229\">\n<p>Jueves 4 Junio<\/p>\n<\/td>\n<td style=\"width: 6.29255%; height: 89px; text-align: center;\" width=\"229\">\n<p>10:30 a 11:15<\/p>\n<\/td>\n<td style=\"width: 22.179%; height: 89px;\" width=\"370\">\n<p><u><a href=\"https:\/\/meet.google.com\/arf-iyji-rym\">https:\/\/meet.google.com\/arf-iyji-rym<\/a><\/u><\/p>\n<\/td>\n<\/tr>\n<tr style=\"height: 174px;\">\n<td style=\"width: 7.85229%; height: 174px; text-align: center;\" width=\"276\">\n<p>1\u00b0 B\u00e1sico<\/p>\n<\/td>\n<td style=\"width: 7.98153%; height: 174px; text-align: center;\" width=\"229\">\n<p>Viernes 5 Junio<\/p>\n<\/td>\n<td style=\"width: 6.29255%; height: 174px; text-align: center;\" width=\"229\">\n<p>11:00 a 11:45<\/p>\n<\/td>\n<td style=\"width: 22.179%; height: 174px;\" width=\"370\">\n<p><u><a href=\"https:\/\/meet.google.com\/jhc-qkru-xae\">https:\/\/meet.google.com\/jhc-qkru-xae<\/a><\/u><\/p>\n<\/td>\n<\/tr>\n<tr style=\"height: 174px;\">\n<td style=\"width: 7.85229%; height: 174px; text-align: center;\" width=\"276\">\n<p>2\u00b0 B\u00e1sico<\/p>\n<\/td>\n<td style=\"width: 7.98153%; height: 174px; text-align: center;\" width=\"229\">\n<p>Viernes 5 Junio<\/p>\n<\/td>\n<td style=\"width: 6.29255%; height: 174px; text-align: center;\" width=\"229\">\n<p>12:00 a 12:45<\/p>\n<\/td>\n<td style=\"width: 22.179%; height: 174px;\" width=\"370\">\n<p><u><a href=\"https:\/\/meet.google.com\/cxv-urvy-dqm\">https:\/\/meet.google.com\/cxv-urvy-dqm<\/a><\/u><\/p>\n<\/td>\n<\/tr>\n<tr style=\"height: 145px;\">\n<td style=\"width: 7.85229%; height: 145px; text-align: center;\" width=\"276\">\n<p>3\u00b0 B\u00e1sico<\/p>\n<\/td>\n<td style=\"width: 7.98153%; height: 145px; text-align: center;\" width=\"229\">\n<p>Viernes 5 Junio<\/p>\n<\/td>\n<td style=\"width: 6.29255%; height: 145px; text-align: center;\" width=\"229\">\n<p>12:00 a 12:30<\/p>\n<\/td>\n<td style=\"width: 22.179%; height: 145px;\" width=\"370\">\n<p><u><a href=\"https:\/\/meet.google.com\/obt-qwve-dqe?hs=122&amp;authuser=1\">meet.google.com\/obt-qwve-dqe<\/a><\/u><\/p>\n<\/td>\n<\/tr>\n<tr style=\"height: 174px;\">\n<td style=\"width: 7.85229%; height: 174px; text-align: center;\" width=\"276\">\n<p>4\u00b0 B\u00e1sico<\/p>\n<\/td>\n<td style=\"width: 7.98153%; height: 174px; text-align: center;\" width=\"229\">\n<p>Viernes 5 Junio<\/p>\n<\/td>\n<td style=\"width: 6.29255%; height: 174px; text-align: center;\" width=\"229\">\n<p>11:00 a 11:30<\/p>\n<\/td>\n<td style=\"width: 22.179%; height: 174px;\" width=\"370\">\n<p><u><a href=\"https:\/\/meet.google.com\/emx-wznj-pid\">https:\/\/meet.google.com\/emx-wznj-pid<\/a><\/u><\/p>\n<\/td>\n<\/tr>\n<tr style=\"height: 174px;\">\n<td style=\"width: 7.85229%; height: 174px; text-align: center;\" width=\"276\">\n<p>5\u00b0 B\u00e1sico<\/p>\n<\/td>\n<td style=\"width: 7.98153%; height: 174px; text-align: center;\" width=\"229\">\n<p>Jueves 4 Junio<\/p>\n<\/td>\n<td style=\"width: 6.29255%; height: 174px; text-align: center;\" width=\"229\">\n<p>12:00 a 12:45<\/p>\n<\/td>\n<td style=\"width: 22.179%; height: 174px;\" width=\"370\">\n<p><u><a href=\"https:\/\/meet.google.com\/ssg-gaaw-yge\">https:\/\/meet.google.com\/ssg-gaaw-yge<\/a><\/u><\/p>\n<\/td>\n<\/tr>\n<tr style=\"height: 174px;\">\n<td style=\"width: 7.85229%; height: 174px; text-align: center;\" width=\"276\">\n<p>6\u00b0 B\u00e1sico<\/p>\n<\/td>\n<td style=\"width: 7.98153%; height: 174px; text-align: center;\" width=\"229\">\n<p>Jueves 4 Junio<\/p>\n<\/td>\n<td style=\"width: 6.29255%; height: 174px; text-align: center;\" width=\"229\">\n<p>11:00 a 11:45<\/p>\n<\/td>\n<td style=\"width: 22.179%; height: 174px;\" width=\"370\">\n<p><u><a href=\"https:\/\/meet.google.com\/xyf-muyo-pwt\">https:\/\/meet.google.com\/xyf-muyo-pwt<\/a><\/u><\/p>\n<\/td>\n<\/tr>\n<tr style=\"height: 174px;\">\n<td style=\"width: 7.85229%; height: 174px; text-align: center;\" width=\"276\">\n<p>7\u00b0 B\u00e1sico<\/p>\n<\/td>\n<td style=\"width: 7.98153%; height: 174px; text-align: center;\" width=\"229\">\n<p>Jueves 4 Junio<\/p>\n<\/td>\n<td style=\"width: 6.29255%; height: 174px; text-align: center;\" width=\"229\">\n<p>11:00 a 11:30<\/p>\n<\/td>\n<td style=\"width: 22.179%; height: 174px;\" width=\"370\">\n<p><u><a href=\"https:\/\/meet.google.com\/cui-oper-egy\">https:\/\/meet.google.com\/cui-oper-egy<\/a><\/u><\/p>\n<\/td>\n<\/tr>\n<tr style=\"height: 174px;\">\n<td style=\"width: 7.85229%; height: 174px; text-align: center;\" width=\"276\">\n<p>8\u00b0 B\u00e1sico<\/p>\n<\/td>\n<td style=\"width: 7.98153%; height: 174px; text-align: center;\" width=\"229\">\n<p>Viernes 5 Junio<\/p>\n<\/td>\n<td style=\"width: 6.29255%; height: 174px; text-align: center;\" width=\"229\">\n<p>11:00 a 11:45<\/p>\n<\/td>\n<td style=\"width: 22.179%; height: 174px;\" width=\"370\">\n<p><u><a href=\"https:\/\/meet.google.com\/zxm-xhsu-cxj\">https:\/\/meet.google.com\/zxm-xhsu-cxj<\/a><\/u><\/p>\n<\/td>\n<\/tr>\n<\/tbody>\n<\/table>\n<p style=\"text-align: justify;\">Para aprender a acceder a reuniones a trav\u00e9s de la plataforma Meet les dejamos este tutorial elaborado por el Profesor Manuel Hevia.<\/p>\n<p><iframe loading=\"lazy\" title=\"Instalaci\u00f3n y uso b\u00e1sico de Google Meet\" width=\"830\" height=\"467\" src=\"https:\/\/www.youtube.com\/embed\/7cHgtnidZBw?feature=oembed\" frameborder=\"0\" allow=\"accelerometer; autoplay; encrypted-media; gyroscope; picture-in-picture\" allowfullscreen><\/iframe><\/p>\n<p style=\"text-align: justify;\">Por \u00faltimo, les dejamos este video acerca de las Normas de Sana Convivencia Virtual, de manera que todos y todas tengamos un comportamiento adecuado en los Conversatorios y otras instancias online que generemos como Colegio.<\/p>\n<p><iframe loading=\"lazy\" title=\"Normas para mantener una buena convivencia en nuestras reuniones virtuales.\" width=\"830\" height=\"623\" src=\"https:\/\/www.youtube.com\/embed\/pevtrgPSAEQ?feature=oembed\" frameborder=\"0\" allow=\"accelerometer; autoplay; encrypted-media; gyroscope; picture-in-picture\" allowfullscreen><\/iframe><\/p>\n<p>Nos vemos en los conversatorios.<\/p>\n","protected":false},"excerpt":{"rendered":"<p>Esta actividades ser\u00e1 por nivel educativo, a trav\u00e9s de la plataforma Meet en los siguientes d\u00edas y horarios: NIVEL REUNI\u00d3N D\u00cdA HORARIO LINK DE ACCESO K\u00ednder Jueves 4 Junio 10:30 a 11:15 https:\/\/meet.google.com\/arf-iyji-rym 1\u00b0 B\u00e1sico Viernes 5 Junio 11:00 a 11:45 https:\/\/meet.google.com\/jhc-qkru-xae 2\u00b0 B\u00e1sico Viernes 5 Junio 12:00 a 12:45 https:\/\/meet.google.com\/cxv-urvy-dqm 3\u00b0 B\u00e1sico Viernes 5 [&hellip;]<\/p>\n","protected":false},"author":3,"featured_media":0,"parent":0,"menu_order":0,"comment_status":"closed","ping_status":"closed","template":"","meta":{"footnotes":""},"class_list":["post-4244","page","type-page","status-publish","hentry"],"amp_enabled":true,"_links":{"self":[{"href":"http:\/\/www.colegio-sanandres.cl\/index.php?rest_route=\/wp\/v2\/pages\/4244","targetHints":{"allow":["GET"]}}],"collection":[{"href":"http:\/\/www.colegio-sanandres.cl\/index.php?rest_route=\/wp\/v2\/pages"}],"about":[{"href":"http:\/\/www.colegio-sanandres.cl\/index.php?rest_route=\/wp\/v2\/types\/page"}],"author":[{"embeddable":true,"href":"http:\/\/www.colegio-sanandres.cl\/index.php?rest_route=\/wp\/v2\/users\/3"}],"replies":[{"embeddable":true,"href":"http:\/\/www.colegio-sanandres.cl\/index.php?rest_route=%2Fwp%2Fv2%2Fcomments&post=4244"}],"version-history":[{"count":5,"href":"http:\/\/www.colegio-sanandres.cl\/index.php?rest_route=\/wp\/v2\/pages\/4244\/revisions"}],"predecessor-version":[{"id":4254,"href":"http:\/\/www.colegio-sanandres.cl\/index.php?rest_route=\/wp\/v2\/pages\/4244\/revisions\/4254"}],"wp:attachment":[{"href":"http:\/\/www.colegio-sanandres.cl\/index.php?rest_route=%2Fwp%2Fv2%2Fmedia&parent=4244"}],"curies":[{"name":"wp","href":"https:\/\/api.w.org\/{rel}","templated":true}]}}