{"id":6132,"date":"2020-10-11T22:02:03","date_gmt":"2020-10-12T01:02:03","guid":{"rendered":"http:\/\/www.colegio-sanandres.cl\/?page_id=6132"},"modified":"2020-10-11T22:06:20","modified_gmt":"2020-10-12T01:06:20","slug":"1o-basico-semana-1-nuevo-aprendizaje-3","status":"publish","type":"page","link":"http:\/\/www.colegio-sanandres.cl\/?page_id=6132","title":{"rendered":"1\u00ba B\u00c1SICO (Semana 1: Nuevo Aprendizaje)"},"content":{"rendered":"\n<p><span style=\"text-decoration: underline;\"><strong>LENGUAJE<\/strong><\/span> <span style=\"text-decoration: underline;\"><strong><br><\/strong><\/span><\/p>\n<p>Profesora:<\/p>\n<p>Carolina Ortiz \/ carolina.ortiz@colegio-sanandres.cl<\/p>\n\n\n\n<p><a href=\"http:\/\/www.colegio-sanandres.cl\/wp-content\/uploads\/2020\/10\/Instrucciones-de-Trabajo-1\u00b0-B\u00e1sico-Lenguaje.pdf\">Instrucciones de Trabajo 1\u00b0 B\u00e1sico Lenguaje.<\/a><\/p>\n\n\n\n<div style=\"height:20px\" aria-hidden=\"true\" class=\"wp-block-spacer\"><\/div>\n\n\n\n<p style=\"text-align: justify;\">Video Instrucciones Generales e Inducci\u00f3n a la actividad de esta semana.<\/p>\n<p><iframe loading=\"lazy\" title=\"Lenguaje y Comunicaci\u00f3n - Lecci\u00f3n pato - semana 12 de octubre\" width=\"830\" height=\"467\" src=\"https:\/\/www.youtube.com\/embed\/dZe1m_tk7xo?feature=oembed\" frameborder=\"0\" allow=\"accelerometer; autoplay; clipboard-write; encrypted-media; gyroscope; picture-in-picture\" allowfullscreen><\/iframe><\/p>\n<p>Video 2 Escritura lecci\u00f3n pato:<\/p>\n<p><iframe loading=\"lazy\" title=\"1&amp;deg; Lenguaje - Semana 10 - Clase 22b\" src=\"https:\/\/player.vimeo.com\/video\/422980331?dnt=1&amp;app_id=122963\" width=\"830\" height=\"467\" frameborder=\"0\" allow=\"autoplay; fullscreen\" allowfullscreen><\/iframe><\/p>\n\n\n\n<div style=\"height:20px\" aria-hidden=\"true\" class=\"wp-block-spacer\"><\/div>\n\n\n\n<div style=\"height:21px\" aria-hidden=\"true\" class=\"wp-block-spacer\"><\/div>\n\n\n\n<p><span style=\"text-decoration: underline;\"><strong>MATEM\u00c1TICA<\/strong><\/span><\/p>\n<p>Profesora: Romina Olguin \/ romina.olguin@colegio-sanandres.cl<\/p>\n\n\n\n<p><a href=\"http:\/\/www.colegio-sanandres.cl\/wp-content\/uploads\/2020\/10\/Instrucciones-de-Trabajo-1\u00b0-B\u00e1sico-Matem\u00e1ticas.pdf\">Instrucciones de Trabajo 1\u00b0 B\u00e1sico Matem\u00e1ticas.<\/a><\/p>\n\n\n\n<figure class=\"wp-block-embed-youtube wp-block-embed is-type-video is-provider-youtube wp-embed-aspect-4-3 wp-has-aspect-ratio wp-embed-aspect-16-9\"><div class=\"wp-block-embed__wrapper\">\n<iframe loading=\"lazy\" title=\"Semana 12 de octubre Matem\u00e1ticas 1\u00b0 B\u00e1sico\" width=\"830\" height=\"467\" src=\"https:\/\/www.youtube.com\/embed\/_f4mE0vGlpA?feature=oembed\" frameborder=\"0\" allow=\"accelerometer; autoplay; clipboard-write; encrypted-media; gyroscope; picture-in-picture\" allowfullscreen><\/iframe>\n<\/div><\/figure>\n\n\n\n<div style=\"height:20px\" aria-hidden=\"true\" class=\"wp-block-spacer\"><\/div>\n\n\n\n<p style=\"text-align: justify;\"><strong><span style=\"text-decoration: underline;\">HISTORIA<\/span> <span style=\"text-decoration: underline;\"><br><\/span><\/strong><\/p>\n<p>Profesora:<\/p>\n<p>Carolina Ortiz \/ carolina.ortiz@colegio-sanandres.cl<\/p>\n<p><a href=\"http:\/\/www.colegio-sanandres.cl\/wp-content\/uploads\/2020\/10\/Instrucciones-de-Trabajo-1\u00b0-B\u00e1sico-Historia.pdf\">Instrucciones de Trabajo 1\u00b0 B\u00e1sico Historia.<\/a><\/p>\n\n\n\n<figure class=\"wp-block-embed-youtube wp-block-embed is-type-video is-provider-youtube wp-embed-aspect-16-9 wp-has-aspect-ratio\"><div class=\"wp-block-embed__wrapper\">\n<iframe loading=\"lazy\" title=\"Historia, Cs. Sociales y Geograf\u00eda  - Unidad 3 - semana 12 de octubre\" width=\"830\" height=\"467\" src=\"https:\/\/www.youtube.com\/embed\/rge9B9VudvE?feature=oembed\" frameborder=\"0\" allow=\"accelerometer; autoplay; clipboard-write; encrypted-media; gyroscope; picture-in-picture\" allowfullscreen><\/iframe>\n<\/div><\/figure>\n\n\n\n<div style=\"height:20px\" aria-hidden=\"true\" class=\"wp-block-spacer\"><\/div>\n\n\n\n<p><strong><span style=\"text-decoration: underline;\">CIENCIAS NATURALES<\/span><br><\/strong><\/p>\n<p>Profesora: Romina Olguin \/ romina.olguin@colegio-sanandres.cl<\/p>\n\n\n\n<p><a href=\"http:\/\/www.colegio-sanandres.cl\/wp-content\/uploads\/2020\/10\/Instrucciones-de-Trabajo-1\u00b0-B\u00e1sico-Ciencias.pdf\">Instrucciones de Trabajo 1\u00b0 B\u00e1sico Ciencias Naturales.<\/a><\/p>\n\n\n\n<figure class=\"wp-block-embed-youtube wp-block-embed is-type-video is-provider-youtube wp-embed-aspect-4-3 wp-has-aspect-ratio wp-embed-aspect-16-9\"><div class=\"wp-block-embed__wrapper\">\n<iframe loading=\"lazy\" title=\"Semana 12 de octubre Ciencias 1\u00b0 B\u00e1sico\" width=\"830\" height=\"467\" src=\"https:\/\/www.youtube.com\/embed\/tAVkk-qQ9GE?feature=oembed\" frameborder=\"0\" allow=\"accelerometer; autoplay; clipboard-write; encrypted-media; gyroscope; picture-in-picture\" allowfullscreen><\/iframe>\n<\/div><\/figure>\n\n\n\n<div style=\"height:20px\" aria-hidden=\"true\" class=\"wp-block-spacer\"><\/div>\n\n\n\n<p><strong><span style=\"text-decoration: underline;\">EDUCACI\u00d3N F\u00cdSICA<\/span><br \/><\/strong><\/p>\n<p>Profesor: Jonathan Ibacache \/ jonathan.ibacache@colegio-sanandres.cl<\/p>\n<p><a href=\"http:\/\/www.colegio-sanandres.cl\/wp-content\/uploads\/2020\/10\/Instrucciones-de-Trabajo-II-cuerdaEFI.pdf\">Instrucciones de Trabajo 1\u00b0B\u00e1sico Educaci\u00f3n F\u00edsica.<\/a><\/p>\n\n\n\n<figure class=\"wp-block-embed-youtube wp-block-embed is-type-video is-provider-youtube wp-embed-aspect-4-3 wp-has-aspect-ratio wp-embed-aspect-16-9\"><div class=\"wp-block-embed__wrapper\">\n<iframe loading=\"lazy\" title=\"II parte, trabajo de cuerda 1ros B\u00e1sicos.\" width=\"830\" height=\"467\" src=\"https:\/\/www.youtube.com\/embed\/-GgvCJkdoxo?feature=oembed\" frameborder=\"0\" allow=\"accelerometer; autoplay; clipboard-write; encrypted-media; gyroscope; picture-in-picture\" allowfullscreen><\/iframe>\n<\/div><\/figure>\n\n\n\n<div style=\"height:36px\" aria-hidden=\"true\" class=\"wp-block-spacer\"><\/div>\n\n\n\n<h4 style=\"text-align: center;\"><strong>PROYECTO DE INTEGRACI\u00d3N ESCOLAR (PIE).<\/strong><\/h4>\n<p>&nbsp;<\/p>\n<p><strong>EDUCACI\u00d3N DIFERENCIAL<\/strong><\/p>\n<p style=\"text-align: justify;\"><span style=\"text-decoration: underline;\"><strong>Educadora Diferencial<\/strong><\/span>: Denise Morales \/ denise.morales@colegio-sanandres.cl<\/p>\n<p><a href=\"http:\/\/www.colegio-sanandres.cl\/wp-content\/uploads\/2020\/10\/Instrucciones-de-Trabajo-1\u00b0-B\u00e1sico-Educadora-Diferencial.pdf\">Instrucciones de Trabajo 1\u00b0 B\u00e1sico Educadora Diferencial.<\/a><\/p>\n\n\n\n<figure class=\"wp-block-embed-youtube wp-block-embed is-type-video is-provider-youtube wp-embed-aspect-16-9 wp-has-aspect-ratio wp-embed-aspect-4-3\"><div class=\"wp-block-embed__wrapper\">\n<iframe loading=\"lazy\" title=\"clase 12 de octubre primero b\u00e1sico\" width=\"830\" height=\"467\" src=\"https:\/\/www.youtube.com\/embed\/0oU4tXcJsdM?feature=oembed\" frameborder=\"0\" allow=\"accelerometer; autoplay; clipboard-write; encrypted-media; gyroscope; picture-in-picture\" allowfullscreen><\/iframe>\n<\/div><figcaption><strong>Rese\u00f1a: <\/strong>En este video potenciaremos el desarrollo de la correspondencia uno a uno, la cual tambi\u00e9n corresponde a una habilidad prenum\u00e9rica, que nos permite emparejar un elemento de un set con otro elemento de otro set. Esto podemos aplicarlo en la vida diaria en tareas de distribuci\u00f3n, y tambi\u00e9n en matem\u00e1ticas para comprender de mejor manera la acci\u00f3n de comparar asociada a la resta. Recordar que las nociones prenum\u00e9ricas son la base fundamental para el desarrollo del pensamiento l\u00f3gico \u2013 matem\u00e1tico y todo el aprendizaje de las matem\u00e1ticas.<\/figcaption><\/figure>\n\n\n\n<div style=\"height:20px\" aria-hidden=\"true\" class=\"wp-block-spacer\"><\/div>\n\n\n\n<p><strong>FONOAUDIOLOG\u00cdA (PIE)<br><\/strong><\/p>\n<p style=\"text-align: justify;\"><span style=\"text-decoration: underline;\"><strong>Fonoaudi\u00f3loga<\/strong><\/span>: Valentina Gutierrez \/ valentina.gutierrez@colegio-sanandres.cl&nbsp;<\/p>\n<p><a href=\"http:\/\/www.colegio-sanandres.cl\/wp-content\/uploads\/2020\/10\/Instrucciones-de-Trabajo-1\u00b0-B\u00e1sico-Fonoaudi\u00f3loga.pdf\">Instrucciones de Trabajo 1\u00b0 B\u00e1sico Fonoaudi\u00f3loga.<\/a><\/p>\n\n\n\n<figure class=\"wp-block-embed-youtube wp-block-embed is-type-video is-provider-youtube wp-embed-aspect-16-9 wp-has-aspect-ratio wp-embed-aspect-4-3\"><div class=\"wp-block-embed__wrapper\">\n<iframe loading=\"lazy\" title=\"Estudiantes 1\u00ba b\u00e1sico fonoaudi\u00f3loga 12\/10\" width=\"830\" height=\"467\" src=\"https:\/\/www.youtube.com\/embed\/J8YqEZpsIVg?feature=oembed\" frameborder=\"0\" allow=\"accelerometer; autoplay; clipboard-write; encrypted-media; gyroscope; picture-in-picture\" allowfullscreen><\/iframe>\n<\/div><figcaption><strong>Rese\u00f1a:&nbsp;<\/strong>En este video trabajamos el discurso narrativo, que es uno de los mejores predictores de \u00e9xito escolar, puesto que favorece la comprensi\u00f3n lectora y el relato de experiencias personales. El trabajo con cuentos favorece el vocabulario y la imaginaci\u00f3n. Tambi\u00e9n trabajamos la conciencia fonol\u00f3gica, habilidad fundamental para el aprendizaje de la lectoescritura.<\/figcaption><\/figure>\n","protected":false},"excerpt":{"rendered":"<p>LENGUAJE Profesora: Carolina Ortiz \/ carolina.ortiz@colegio-sanandres.cl Instrucciones de Trabajo 1\u00b0 B\u00e1sico Lenguaje. Video Instrucciones Generales e Inducci\u00f3n a la actividad de esta semana. Video 2 Escritura lecci\u00f3n pato: MATEM\u00c1TICA Profesora: Romina Olguin \/ romina.olguin@colegio-sanandres.cl Instrucciones de Trabajo 1\u00b0 B\u00e1sico Matem\u00e1ticas. HISTORIA Profesora: Carolina Ortiz \/ carolina.ortiz@colegio-sanandres.cl Instrucciones de Trabajo 1\u00b0 B\u00e1sico Historia. CIENCIAS NATURALES Profesora: [&hellip;]<\/p>\n","protected":false},"author":3,"featured_media":0,"parent":0,"menu_order":0,"comment_status":"closed","ping_status":"closed","template":"","meta":{"footnotes":""},"class_list":["post-6132","page","type-page","status-publish","hentry"],"amp_enabled":true,"_links":{"self":[{"href":"http:\/\/www.colegio-sanandres.cl\/index.php?rest_route=\/wp\/v2\/pages\/6132","targetHints":{"allow":["GET"]}}],"collection":[{"href":"http:\/\/www.colegio-sanandres.cl\/index.php?rest_route=\/wp\/v2\/pages"}],"about":[{"href":"http:\/\/www.colegio-sanandres.cl\/index.php?rest_route=\/wp\/v2\/types\/page"}],"author":[{"embeddable":true,"href":"http:\/\/www.colegio-sanandres.cl\/index.php?rest_route=\/wp\/v2\/users\/3"}],"replies":[{"embeddable":true,"href":"http:\/\/www.colegio-sanandres.cl\/index.php?rest_route=%2Fwp%2Fv2%2Fcomments&post=6132"}],"version-history":[{"count":3,"href":"http:\/\/www.colegio-sanandres.cl\/index.php?rest_route=\/wp\/v2\/pages\/6132\/revisions"}],"predecessor-version":[{"id":6143,"href":"http:\/\/www.colegio-sanandres.cl\/index.php?rest_route=\/wp\/v2\/pages\/6132\/revisions\/6143"}],"wp:attachment":[{"href":"http:\/\/www.colegio-sanandres.cl\/index.php?rest_route=%2Fwp%2Fv2%2Fmedia&parent=6132"}],"curies":[{"name":"wp","href":"https:\/\/api.w.org\/{rel}","templated":true}]}}