{"id":6443,"date":"2020-11-01T20:46:55","date_gmt":"2020-11-01T23:46:55","guid":{"rendered":"http:\/\/www.colegio-sanandres.cl\/?page_id=6443"},"modified":"2020-11-01T20:46:55","modified_gmt":"2020-11-01T23:46:55","slug":"1o-basico-semana-1-nuevo-aprendizaje-4","status":"publish","type":"page","link":"http:\/\/www.colegio-sanandres.cl\/?page_id=6443","title":{"rendered":"1\u00ba B\u00c1SICO (Semana 1: Nuevo Aprendizaje)"},"content":{"rendered":"\n<p><span style=\"text-decoration: underline;\"><strong>LENGUAJE<\/strong><\/span> <span style=\"text-decoration: underline;\"><strong><br><\/strong><\/span><\/p>\n<p>Profesora:<\/p>\n<p>Carolina Ortiz \/ carolina.ortiz@colegio-sanandres.cl<\/p>\n\n\n\n<p><a href=\"http:\/\/www.colegio-sanandres.cl\/wp-content\/uploads\/2020\/11\/Formato-Instrucciones-de-Trabajo-Lenguaje-1\u00b0-b\u00e1sico.pdf\">Instrucciones de Trabajo 1\u00b0 B\u00e1sico Lenguaje.<\/a><\/p>\n\n\n\n<div style=\"height:20px\" aria-hidden=\"true\" class=\"wp-block-spacer\"><\/div>\n\n\n\n<p style=\"text-align: justify;\">Video 1:\u00a0 Instrucciones Generales e Inducci\u00f3n a la actividad de esta semana.<\/p>\n<p><iframe loading=\"lazy\" title=\"02\/11 - Lenguaje y Comunicaci\u00f3n\" width=\"830\" height=\"623\" src=\"https:\/\/www.youtube.com\/embed\/-MRxOXTQrl8?feature=oembed\" frameborder=\"0\" allow=\"accelerometer; autoplay; clipboard-write; encrypted-media; gyroscope; picture-in-picture\" allowfullscreen><\/iframe><\/p>\n<p>Video 2: Escritura lecci\u00f3n Gato.<\/p>\n<p><iframe loading=\"lazy\" title=\"1&amp;deg; Lenguaje - Semana 12 - Clase 26b\" src=\"https:\/\/player.vimeo.com\/video\/425925108?dnt=1&amp;app_id=122963\" width=\"830\" height=\"467\" frameborder=\"0\" allow=\"autoplay; fullscreen\" allowfullscreen><\/iframe><\/p>\n\n\n\n<div style=\"height:20px\" aria-hidden=\"true\" class=\"wp-block-spacer\"><\/div>\n\n\n\n<div style=\"height:21px\" aria-hidden=\"true\" class=\"wp-block-spacer\"><\/div>\n\n\n\n<p><span style=\"text-decoration: underline;\"><strong>MATEM\u00c1TICA<\/strong><\/span><\/p>\n<p>Profesora: Romina Olguin \/ romina.olguin@colegio-sanandres.cl<\/p>\n\n\n\n<p><a href=\"http:\/\/www.colegio-sanandres.cl\/wp-content\/uploads\/2020\/11\/Instrucciones-de-Trabajo-1\u00b0-B\u00e1sico-Matem\u00e1ticas.pdf\">Instrucciones de Trabajo 1\u00b0 B\u00e1sico Matem\u00e1ticas.<\/a><\/p>\n\n\n\n<figure class=\"wp-block-embed-youtube wp-block-embed is-type-video is-provider-youtube wp-embed-aspect-4-3 wp-has-aspect-ratio wp-embed-aspect-16-9\"><div class=\"wp-block-embed__wrapper\">\n<iframe loading=\"lazy\" title=\"Ciclo Matem\u00e1ticas 1\u00b0B\u00e1sico: Semana  2 de noviembre\" width=\"830\" height=\"467\" src=\"https:\/\/www.youtube.com\/embed\/9lprKLfGp0Y?feature=oembed\" frameborder=\"0\" allow=\"accelerometer; autoplay; clipboard-write; encrypted-media; gyroscope; picture-in-picture\" allowfullscreen><\/iframe>\n<\/div><\/figure>\n\n\n\n<div style=\"height:20px\" aria-hidden=\"true\" class=\"wp-block-spacer\"><\/div>\n\n\n\n<p style=\"text-align: justify;\"><strong><span style=\"text-decoration: underline;\">HISTORIA<\/span> <span style=\"text-decoration: underline;\"><br \/><\/span><\/strong><\/p>\n<p>Profesora:<\/p>\n<p>Carolina Ortiz \/ carolina.ortiz@colegio-sanandres.cl<\/p>\n<p><a href=\"http:\/\/www.colegio-sanandres.cl\/wp-content\/uploads\/2020\/11\/Formato-Instrucciones-de-Trabajo-Historia-1\u00b0-B\u00e1sico.pdf\">Instrucciones de Trabajo 1\u00b0 B\u00e1sico Historia.<\/a><\/p>\n\n\n\n<figure class=\"wp-block-embed-youtube wp-block-embed is-type-video is-provider-youtube wp-embed-aspect-16-9 wp-has-aspect-ratio wp-embed-aspect-4-3\"><div class=\"wp-block-embed__wrapper\">\n<iframe loading=\"lazy\" title=\"02\/11 - Historia, Cs. Sociales y Geograf\u00eda\" width=\"830\" height=\"623\" src=\"https:\/\/www.youtube.com\/embed\/6jX0gKfWACc?feature=oembed\" frameborder=\"0\" allow=\"accelerometer; autoplay; clipboard-write; encrypted-media; gyroscope; picture-in-picture\" allowfullscreen><\/iframe>\n<\/div><\/figure>\n\n\n\n<div style=\"height:20px\" aria-hidden=\"true\" class=\"wp-block-spacer\"><\/div>\n\n\n\n<p><strong><span style=\"text-decoration: underline;\">CIENCIAS NATURALES<\/span><br><\/strong><\/p>\n<p>Profesora: Romina Olguin \/ romina.olguin@colegio-sanandres.cl<\/p>\n\n\n\n<p><a href=\"http:\/\/www.colegio-sanandres.cl\/wp-content\/uploads\/2020\/11\/Instrucciones-de-Trabajo-1\u00b0-B\u00e1sico-Ciencias.pdf\">Instrucciones de Trabajo 1\u00b0 B\u00e1sico Ciencias Naturales.<\/a><\/p>\n\n\n\n<figure class=\"wp-block-embed-youtube wp-block-embed is-type-video is-provider-youtube wp-embed-aspect-4-3 wp-has-aspect-ratio wp-embed-aspect-16-9\"><div class=\"wp-block-embed__wrapper\">\n<iframe loading=\"lazy\" title=\"Ciclo de aprendizaje 1\u00b0B\u00e1sico: Ciencias, semana 2 de noviembre.\" width=\"830\" height=\"467\" src=\"https:\/\/www.youtube.com\/embed\/0HpxT7xKPI8?feature=oembed\" frameborder=\"0\" allow=\"accelerometer; autoplay; clipboard-write; encrypted-media; gyroscope; picture-in-picture\" allowfullscreen><\/iframe>\n<\/div><\/figure>\n\n\n\n<div style=\"height:20px\" aria-hidden=\"true\" class=\"wp-block-spacer\"><\/div>\n\n\n\n<p><strong><span style=\"text-decoration: underline;\">EDUCACI\u00d3N F\u00cdSICA<\/span><br \/><\/strong><\/p>\n<p>Profesor: Jonathan Ibacache \/ jonathan.ibacache@colegio-sanandres.cl<\/p>\n<p><a href=\"http:\/\/www.colegio-sanandres.cl\/wp-content\/uploads\/2020\/11\/Instrucciones-de-Trabajo-1\u00b0-B\u00e1sico-Educaci\u00f3n-F\u00edsica.pdf\">Instrucciones de Trabajo 1\u00b0B\u00e1sico Educaci\u00f3n F\u00edsica.<\/a><\/p>\n\n\n\n<figure class=\"wp-block-embed-youtube wp-block-embed is-type-video is-provider-youtube wp-embed-aspect-4-3 wp-has-aspect-ratio wp-embed-aspect-16-9\"><div class=\"wp-block-embed__wrapper\">\n<iframe loading=\"lazy\" title=\"Manipulaci\u00f3n y coordinaci\u00f3n motriz 1ro basico\" width=\"830\" height=\"467\" src=\"https:\/\/www.youtube.com\/embed\/1l87uNrgAHg?feature=oembed\" frameborder=\"0\" allow=\"accelerometer; autoplay; clipboard-write; encrypted-media; gyroscope; picture-in-picture\" allowfullscreen><\/iframe>\n<\/div><\/figure>\n\n\n\n<div style=\"height:36px\" aria-hidden=\"true\" class=\"wp-block-spacer\"><\/div>\n\n\n\n<h4 style=\"text-align: center;\"><strong>PROYECTO DE INTEGRACI\u00d3N ESCOLAR (PIE).<\/strong><\/h4>\n<p>\u00a0<\/p>\n<p><strong>EDUCACI\u00d3N DIFERENCIAL<\/strong><\/p>\n<p style=\"text-align: justify;\"><span style=\"text-decoration: underline;\"><strong>Educadora Diferencial<\/strong><\/span>: Denise Morales \/ denise.morales@colegio-sanandres.cl<\/p>\n<p><a href=\"http:\/\/www.colegio-sanandres.cl\/wp-content\/uploads\/2020\/11\/Instrucciones-de-Trabajo-1\u00b0-B\u00e1sico-Educadora-Diferencial.pdf\">Instrucciones de Trabajo 1\u00b0 B\u00e1sico Educadora Diferencial.<\/a><\/p>\n\n\n\n<figure class=\"wp-block-embed-youtube wp-block-embed is-type-video is-provider-youtube wp-embed-aspect-16-9 wp-has-aspect-ratio wp-embed-aspect-4-3\"><div class=\"wp-block-embed__wrapper\">\n<iframe loading=\"lazy\" title=\"Clase 2 de noviembre Primero b\u00e1sico\" width=\"830\" height=\"467\" src=\"https:\/\/www.youtube.com\/embed\/JqKYO1-GKpY?feature=oembed\" frameborder=\"0\" allow=\"accelerometer; autoplay; clipboard-write; encrypted-media; gyroscope; picture-in-picture\" allowfullscreen><\/iframe>\n<\/div><figcaption><strong>Rese\u00f1a: <\/strong>En este video potenciaremos el desarrollo de la correspondencia uno a uno, la cual tambi\u00e9n corresponde a una habilidad prenum\u00e9rica, que nos permite emparejar un elemento de un Rese\u00f1a: En este video potenciaremos algunas habilidades trabajadas en el \u00faltimo ciclo de aprendizaje de la asignatura de matem\u00e1ticas. Se trata espec\u00edficamente de explorar y clasificar distintos objetos de nuestro entorno, utilizando caracter\u00edsticas geom\u00e9tricas, pero esta vez lo realizaremos a trav\u00e9s del tacto, en una actividad pr\u00e1ctica y muy sencilla. Recordemos que el aprendizaje inicial de la geometr\u00eda es muy importante en la relaci\u00f3n que forman los ni\u00f1os con su entorno, ya que este aprendizaje les permite fortalecer nociones espaciales. Asimismo, esta actividad, potencia su discurso oral, ya que le permite realizar descripciones m\u00e1s precisas de distintos elementos que se encuentran en su entorno.<\/figcaption><\/figure>\n\n\n\n<div style=\"height:20px\" aria-hidden=\"true\" class=\"wp-block-spacer\"><\/div>\n\n\n\n<p><strong>FONOAUDIOLOG\u00cdA (PIE)<br \/><\/strong><\/p>\n<p style=\"text-align: justify;\"><span style=\"text-decoration: underline;\"><strong>Fonoaudi\u00f3loga<\/strong><\/span>: Valentina Gutierrez \/ valentina.gutierrez@colegio-sanandres.cl\u00a0<\/p>\n<p><a href=\"http:\/\/www.colegio-sanandres.cl\/wp-content\/uploads\/2020\/11\/Instrucciones-de-Trabajo-1\u00b0-B\u00e1sico-Fonoaudi\u00f3loga.pdf\">Instrucciones de Trabajo 1\u00b0 B\u00e1sico Fonoaudi\u00f3loga.<\/a><\/p>\n\n\n\n<figure class=\"wp-block-embed-youtube wp-block-embed is-type-video is-provider-youtube wp-embed-aspect-16-9 wp-has-aspect-ratio wp-embed-aspect-4-3\"><div class=\"wp-block-embed__wrapper\">\n<iframe loading=\"lazy\" title=\"Estudiantes 1\u00ba b\u00e1sico fonoaudi\u00f3loga 02\/11\" width=\"830\" height=\"467\" src=\"https:\/\/www.youtube.com\/embed\/OiZZFEVZL6Q?feature=oembed\" frameborder=\"0\" allow=\"accelerometer; autoplay; clipboard-write; encrypted-media; gyroscope; picture-in-picture\" allowfullscreen><\/iframe>\n<\/div><figcaption><strong>Rese\u00f1a:\u00a0<\/strong>En este video trabajamos el discurso narrativo, que es uno de los mejores predictores de \u00e9xito escolar, puesto que favorece la comprensi\u00f3n lectora y el relato de experiencias personales. El trabajo con cuentos favorece el vocabulario y la imaginaci\u00f3n. Tambi\u00e9n trabajamos la conciencia fonol\u00f3gica, habilidad fundamental para el aprendizaje de la lectoescritura.<\/figcaption><\/figure>\n","protected":false},"excerpt":{"rendered":"<p>LENGUAJE Profesora: Carolina Ortiz \/ carolina.ortiz@colegio-sanandres.cl Instrucciones de Trabajo 1\u00b0 B\u00e1sico Lenguaje. Video 1:\u00a0 Instrucciones Generales e Inducci\u00f3n a la actividad de esta semana. Video 2: Escritura lecci\u00f3n Gato. MATEM\u00c1TICA Profesora: Romina Olguin \/ romina.olguin@colegio-sanandres.cl Instrucciones de Trabajo 1\u00b0 B\u00e1sico Matem\u00e1ticas. HISTORIA Profesora: Carolina Ortiz \/ carolina.ortiz@colegio-sanandres.cl Instrucciones de Trabajo 1\u00b0 B\u00e1sico Historia. CIENCIAS NATURALES [&hellip;]<\/p>\n","protected":false},"author":3,"featured_media":0,"parent":0,"menu_order":0,"comment_status":"closed","ping_status":"closed","template":"","meta":{"footnotes":""},"class_list":["post-6443","page","type-page","status-publish","hentry"],"amp_enabled":true,"_links":{"self":[{"href":"http:\/\/www.colegio-sanandres.cl\/index.php?rest_route=\/wp\/v2\/pages\/6443","targetHints":{"allow":["GET"]}}],"collection":[{"href":"http:\/\/www.colegio-sanandres.cl\/index.php?rest_route=\/wp\/v2\/pages"}],"about":[{"href":"http:\/\/www.colegio-sanandres.cl\/index.php?rest_route=\/wp\/v2\/types\/page"}],"author":[{"embeddable":true,"href":"http:\/\/www.colegio-sanandres.cl\/index.php?rest_route=\/wp\/v2\/users\/3"}],"replies":[{"embeddable":true,"href":"http:\/\/www.colegio-sanandres.cl\/index.php?rest_route=%2Fwp%2Fv2%2Fcomments&post=6443"}],"version-history":[{"count":1,"href":"http:\/\/www.colegio-sanandres.cl\/index.php?rest_route=\/wp\/v2\/pages\/6443\/revisions"}],"predecessor-version":[{"id":6451,"href":"http:\/\/www.colegio-sanandres.cl\/index.php?rest_route=\/wp\/v2\/pages\/6443\/revisions\/6451"}],"wp:attachment":[{"href":"http:\/\/www.colegio-sanandres.cl\/index.php?rest_route=%2Fwp%2Fv2%2Fmedia&parent=6443"}],"curies":[{"name":"wp","href":"https:\/\/api.w.org\/{rel}","templated":true}]}}