{"id":6582,"date":"2020-11-10T21:02:03","date_gmt":"2020-11-11T00:02:03","guid":{"rendered":"http:\/\/www.colegio-sanandres.cl\/?page_id=6582"},"modified":"2020-11-10T21:02:03","modified_gmt":"2020-11-11T00:02:03","slug":"pre-kinder-2a-semana-retroalimentacion-5","status":"publish","type":"page","link":"http:\/\/www.colegio-sanandres.cl\/?page_id=6582","title":{"rendered":"PRE K\u00cdNDER (2a Semana Retroalimentaci\u00f3n)"},"content":{"rendered":"\n<div style=\"height:20px\" aria-hidden=\"true\" class=\"wp-block-spacer\"><\/div>\n\n\n\n<p><strong>Retroalimentaci\u00f3n Lenguaje Verbal<\/strong>: <\/p>\n\n\n\n<p><a href=\"http:\/\/www.colegio-sanandres.cl\/wp-content\/uploads\/2020\/11\/Instrucciones-de-Trabajo-Pre-Kinder-Lenguaje-Verbal-1.pdf\">Instrucciones de Trabajo Pre Kinder Lenguaje Verbal.<\/a><\/p>\n\n\n\n<figure class=\"wp-block-embed-youtube wp-block-embed is-type-video is-provider-youtube wp-embed-aspect-16-9 wp-has-aspect-ratio wp-embed-aspect-4-3\"><div class=\"wp-block-embed__wrapper\">\n<iframe loading=\"lazy\" title=\"Multimedia2\" width=\"830\" height=\"467\" src=\"https:\/\/www.youtube.com\/embed\/SFNmrX54iVI?feature=oembed\" frameborder=\"0\" allow=\"accelerometer; autoplay; clipboard-write; encrypted-media; gyroscope; picture-in-picture\" allowfullscreen><\/iframe>\n<\/div><\/figure>\n\n\n\n<p>Formulario Ticket de Salida Lenguaje Verbal:<\/p>\n<p style=\"text-align: center;\"><a href=\"https:\/\/docs.google.com\/forms\/d\/1XIqmBcKC4jqIzCDH7P9D1fHuQbnVVJNJ0a6tr67zWW8\/viewform?gxids=7757&amp;edit_requested=true\">https:\/\/docs.google.com\/forms\/d\/1XIqmBcKC4jqIzCDH7P9D1fHuQbnVVJNJ0a6tr67zWW8\/viewform?gxids=7757&amp;edit_requested=true<\/a><\/p>\n\n\n\n<div style=\"height:48px\" aria-hidden=\"true\" class=\"wp-block-spacer\"><\/div>\n\n\n\n<p style=\"text-align: justify;\"><strong>Retroalimentaci\u00f3n Pensamiento Matem\u00e1tico.<br \/><\/strong><\/p>\n<p><a href=\"http:\/\/www.colegio-sanandres.cl\/wp-content\/uploads\/2020\/11\/Instrucciones-de-Trabajo-Pre-Kinder-Pensamiento-Matem\u00e1tico-1.pdf\">Instrucciones de Trabajo Pre Kinder Pensamiento Matem\u00e1tico.<\/a><\/p>\n\n\n\n<figure class=\"wp-block-embed-youtube wp-block-embed is-type-video is-provider-youtube wp-embed-aspect-16-9 wp-has-aspect-ratio wp-embed-aspect-4-3\"><div class=\"wp-block-embed__wrapper\">\n<iframe loading=\"lazy\" title=\"Pensamiento matem\u00e1tico Prekinder\" width=\"830\" height=\"467\" src=\"https:\/\/www.youtube.com\/embed\/AT9bsbs3fak?feature=oembed\" frameborder=\"0\" allow=\"accelerometer; autoplay; clipboard-write; encrypted-media; gyroscope; picture-in-picture\" allowfullscreen><\/iframe>\n<\/div><\/figure>\n\n\n\n<p>Formulario Ticket de Salida Pensamiento Matem\u00e1tico:<\/p>\n<p style=\"text-align: center;\"><a href=\"https:\/\/docs.google.com\/forms\/d\/e\/1FAIpQLSdePzRaY7LFhAtQOVgnH7F5qHavGbL6Jb7NgxYs9MSbTMKkNw\/viewform?gxids=7757\">https:\/\/docs.google.com\/forms\/d\/e\/1FAIpQLSdePzRaY7LFhAtQOVgnH7F5qHavGbL6Jb7NgxYs9MSbTMKkNw\/viewform?gxids=7757<\/a><\/p>\n\n\n\n<div style=\"height:49px\" aria-hidden=\"true\" class=\"wp-block-spacer\"><\/div>\n\n\n\n<p><strong>Retroalimentaci\u00f3n <strong>Exploraci\u00f3n del entorno natural.<\/strong><\/strong><\/p>\n\n\n\n<p><a href=\"http:\/\/www.colegio-sanandres.cl\/wp-content\/uploads\/2020\/11\/Instrucciones-de-Trabajo-Pre-Kinder-Identidad-y-Autonom\u00eda-1.pdf\">Instrucciones de Trabajo Pre Kinder Exploraci\u00f3n del entorno natural.<\/a><\/p>\n\n\n\n<figure class=\"wp-block-embed-youtube wp-block-embed is-type-video is-provider-youtube wp-embed-aspect-16-9 wp-has-aspect-ratio\"><div class=\"wp-block-embed__wrapper\">\n<iframe loading=\"lazy\" title=\"Identidad y Autonom\u00eda Prekinder\" width=\"830\" height=\"467\" src=\"https:\/\/www.youtube.com\/embed\/aBs6Y-bPb0s?feature=oembed\" frameborder=\"0\" allow=\"accelerometer; autoplay; clipboard-write; encrypted-media; gyroscope; picture-in-picture\" allowfullscreen><\/iframe>\n<\/div><\/figure>\n\n\n","protected":false},"excerpt":{"rendered":"<p>Retroalimentaci\u00f3n Lenguaje Verbal: Instrucciones de Trabajo Pre Kinder Lenguaje Verbal. Formulario Ticket de Salida Lenguaje Verbal: https:\/\/docs.google.com\/forms\/d\/1XIqmBcKC4jqIzCDH7P9D1fHuQbnVVJNJ0a6tr67zWW8\/viewform?gxids=7757&amp;edit_requested=true Retroalimentaci\u00f3n Pensamiento Matem\u00e1tico. Instrucciones de Trabajo Pre Kinder Pensamiento Matem\u00e1tico. Formulario Ticket de Salida Pensamiento Matem\u00e1tico: https:\/\/docs.google.com\/forms\/d\/e\/1FAIpQLSdePzRaY7LFhAtQOVgnH7F5qHavGbL6Jb7NgxYs9MSbTMKkNw\/viewform?gxids=7757 Retroalimentaci\u00f3n Exploraci\u00f3n del entorno natural. Instrucciones de Trabajo Pre Kinder Exploraci\u00f3n del entorno natural.<\/p>\n","protected":false},"author":3,"featured_media":0,"parent":0,"menu_order":0,"comment_status":"closed","ping_status":"closed","template":"","meta":{"footnotes":""},"class_list":["post-6582","page","type-page","status-publish","hentry"],"amp_enabled":true,"_links":{"self":[{"href":"http:\/\/www.colegio-sanandres.cl\/index.php?rest_route=\/wp\/v2\/pages\/6582","targetHints":{"allow":["GET"]}}],"collection":[{"href":"http:\/\/www.colegio-sanandres.cl\/index.php?rest_route=\/wp\/v2\/pages"}],"about":[{"href":"http:\/\/www.colegio-sanandres.cl\/index.php?rest_route=\/wp\/v2\/types\/page"}],"author":[{"embeddable":true,"href":"http:\/\/www.colegio-sanandres.cl\/index.php?rest_route=\/wp\/v2\/users\/3"}],"replies":[{"embeddable":true,"href":"http:\/\/www.colegio-sanandres.cl\/index.php?rest_route=%2Fwp%2Fv2%2Fcomments&post=6582"}],"version-history":[{"count":1,"href":"http:\/\/www.colegio-sanandres.cl\/index.php?rest_route=\/wp\/v2\/pages\/6582\/revisions"}],"predecessor-version":[{"id":6586,"href":"http:\/\/www.colegio-sanandres.cl\/index.php?rest_route=\/wp\/v2\/pages\/6582\/revisions\/6586"}],"wp:attachment":[{"href":"http:\/\/www.colegio-sanandres.cl\/index.php?rest_route=%2Fwp%2Fv2%2Fmedia&parent=6582"}],"curies":[{"name":"wp","href":"https:\/\/api.w.org\/{rel}","templated":true}]}}