{"id":6877,"date":"2020-12-01T21:55:11","date_gmt":"2020-12-02T00:55:11","guid":{"rendered":"http:\/\/www.colegio-sanandres.cl\/?page_id=6877"},"modified":"2020-12-01T21:55:11","modified_gmt":"2020-12-02T00:55:11","slug":"pre-kinder-2a-semana-retroalimentacion-6","status":"publish","type":"page","link":"http:\/\/www.colegio-sanandres.cl\/?page_id=6877","title":{"rendered":"PRE K\u00cdNDER (2a Semana Retroalimentaci\u00f3n)"},"content":{"rendered":"\n<div style=\"height:20px\" aria-hidden=\"true\" class=\"wp-block-spacer\"><\/div>\n\n\n\n<p><strong>Retroalimentaci\u00f3n Lenguaje Verbal<\/strong>: <\/p>\n\n\n\n<p><a href=\"http:\/\/www.colegio-sanandres.cl\/wp-content\/uploads\/2020\/12\/Solucionario-Pre-Kinder-Lenguajes-Verbales.pdf\">Instrucciones de Trabajo Pre Kinder Lenguaje Verbal.<\/a><\/p>\n\n\n\n<figure class=\"wp-block-embed-youtube wp-block-embed is-type-video is-provider-youtube wp-embed-aspect-16-9 wp-has-aspect-ratio wp-embed-aspect-4-3\"><div class=\"wp-block-embed__wrapper\">\n<iframe loading=\"lazy\" title=\"Categor\u00edas sem\u00e1nticas\" width=\"830\" height=\"467\" src=\"https:\/\/www.youtube.com\/embed\/nayx_Zj6lvw?feature=oembed\" frameborder=\"0\" allow=\"accelerometer; autoplay; clipboard-write; encrypted-media; gyroscope; picture-in-picture\" allowfullscreen><\/iframe>\n<\/div><\/figure>\n\n\n\n<p>Formulario Ticket de Salida Lenguaje Verbal:<\/p>\n<p style=\"text-align: center;\"><a href=\"https:\/\/docs.google.com\/forms\/d\/1gQAIQ121Zq3DRp8Zi3nLgfBHmt4qwZzvlp6ocQi-1BA\/edit\">https:\/\/docs.google.com\/forms\/d\/1gQAIQ121Zq3DRp8Zi3nLgfBHmt4qwZzvlp6ocQi-1BA\/edit<\/a><\/p>\n\n\n\n<div style=\"height:48px\" aria-hidden=\"true\" class=\"wp-block-spacer\"><\/div>\n\n\n\n<p style=\"text-align: justify;\"><strong>Retroalimentaci\u00f3n Pensamiento Matem\u00e1tico.<br \/><\/strong><\/p>\n<p><a href=\"http:\/\/www.colegio-sanandres.cl\/wp-content\/uploads\/2020\/12\/Solucionario-Pre-Kinder-Pensamiento-Matem\u00e1tico.pdf\">Instrucciones de Trabajo Pre Kinder Pensamiento Matem\u00e1tico.<\/a><\/p>\n\n\n\n<figure class=\"wp-block-embed-youtube wp-block-embed is-type-video is-provider-youtube wp-embed-aspect-16-9 wp-has-aspect-ratio wp-embed-aspect-4-3\"><div class=\"wp-block-embed__wrapper\">\n<iframe loading=\"lazy\" title=\"Pensamiento matem\u00e1tico. 30\/11\" width=\"830\" height=\"623\" src=\"https:\/\/www.youtube.com\/embed\/ABjX0MOynHk?feature=oembed\" frameborder=\"0\" allow=\"accelerometer; autoplay; clipboard-write; encrypted-media; gyroscope; picture-in-picture\" allowfullscreen><\/iframe>\n<\/div><\/figure>\n\n\n\n<p>Formulario Ticket de Salida Pensamiento Matem\u00e1tico:<\/p>\n<p style=\"text-align: center;\"><a href=\"https:\/\/docs.google.com\/forms\/d\/e\/1FAIpQLScZtOnscj7vyXA2z90HzRAg34hdmDoh_EMlxVGlvU-T3Y2jNg\/viewform?usp=sf_link\">https:\/\/docs.google.com\/forms\/d\/e\/1FAIpQLScZtOnscj7vyXA2z90HzRAg34hdmDoh_EMlxVGlvU-T3Y2jNg\/viewform?usp=sf_link<\/a><\/p>\n\n\n\n<div style=\"height:49px\" aria-hidden=\"true\" class=\"wp-block-spacer\"><\/div>\n\n\n\n<p><strong>Retroalimentaci\u00f3n <strong>Corporalidad y Movimiento.<\/strong><\/strong><\/p>\n\n\n\n<p><a href=\"http:\/\/www.colegio-sanandres.cl\/wp-content\/uploads\/2020\/12\/Solucionario-Pre-Kinder-Corporalidad-y-Movimiento.pdf\">Instrucciones de Trabajo Pre Kinder Corporalidad y Movimiento.<\/a><\/p>\n\n\n\n<figure class=\"wp-block-embed-youtube wp-block-embed is-type-video is-provider-youtube wp-embed-aspect-16-9 wp-has-aspect-ratio\"><div class=\"wp-block-embed__wrapper\">\n<iframe loading=\"lazy\" title=\"Corporalidad y movimiento\" width=\"830\" height=\"467\" src=\"https:\/\/www.youtube.com\/embed\/If8lSPGy8VU?feature=oembed\" frameborder=\"0\" allow=\"accelerometer; autoplay; clipboard-write; encrypted-media; gyroscope; picture-in-picture\" allowfullscreen><\/iframe>\n<\/div><\/figure>\n\n\n","protected":false},"excerpt":{"rendered":"<p>Retroalimentaci\u00f3n Lenguaje Verbal: Instrucciones de Trabajo Pre Kinder Lenguaje Verbal. Formulario Ticket de Salida Lenguaje Verbal: https:\/\/docs.google.com\/forms\/d\/1gQAIQ121Zq3DRp8Zi3nLgfBHmt4qwZzvlp6ocQi-1BA\/edit Retroalimentaci\u00f3n Pensamiento Matem\u00e1tico. Instrucciones de Trabajo Pre Kinder Pensamiento Matem\u00e1tico. Formulario Ticket de Salida Pensamiento Matem\u00e1tico: https:\/\/docs.google.com\/forms\/d\/e\/1FAIpQLScZtOnscj7vyXA2z90HzRAg34hdmDoh_EMlxVGlvU-T3Y2jNg\/viewform?usp=sf_link Retroalimentaci\u00f3n Corporalidad y Movimiento. Instrucciones de Trabajo Pre Kinder Corporalidad y Movimiento.<\/p>\n","protected":false},"author":3,"featured_media":0,"parent":0,"menu_order":0,"comment_status":"closed","ping_status":"closed","template":"","meta":{"footnotes":""},"class_list":["post-6877","page","type-page","status-publish","hentry"],"amp_enabled":true,"_links":{"self":[{"href":"http:\/\/www.colegio-sanandres.cl\/index.php?rest_route=\/wp\/v2\/pages\/6877","targetHints":{"allow":["GET"]}}],"collection":[{"href":"http:\/\/www.colegio-sanandres.cl\/index.php?rest_route=\/wp\/v2\/pages"}],"about":[{"href":"http:\/\/www.colegio-sanandres.cl\/index.php?rest_route=\/wp\/v2\/types\/page"}],"author":[{"embeddable":true,"href":"http:\/\/www.colegio-sanandres.cl\/index.php?rest_route=\/wp\/v2\/users\/3"}],"replies":[{"embeddable":true,"href":"http:\/\/www.colegio-sanandres.cl\/index.php?rest_route=%2Fwp%2Fv2%2Fcomments&post=6877"}],"version-history":[{"count":1,"href":"http:\/\/www.colegio-sanandres.cl\/index.php?rest_route=\/wp\/v2\/pages\/6877\/revisions"}],"predecessor-version":[{"id":6881,"href":"http:\/\/www.colegio-sanandres.cl\/index.php?rest_route=\/wp\/v2\/pages\/6877\/revisions\/6881"}],"wp:attachment":[{"href":"http:\/\/www.colegio-sanandres.cl\/index.php?rest_route=%2Fwp%2Fv2%2Fmedia&parent=6877"}],"curies":[{"name":"wp","href":"https:\/\/api.w.org\/{rel}","templated":true}]}}