{"id":8037,"date":"2021-04-23T21:48:49","date_gmt":"2021-04-24T01:48:49","guid":{"rendered":"http:\/\/www.colegio-sanandres.cl\/?page_id=8037"},"modified":"2021-04-26T19:44:09","modified_gmt":"2021-04-26T23:44:09","slug":"kinder-semana-1-lunes-26-al-viernes-30-de-abril","status":"publish","type":"page","link":"http:\/\/www.colegio-sanandres.cl\/?page_id=8037","title":{"rendered":"K\u00cdNDER (Semana 1: Lunes 26 al Viernes 30 de Abril)"},"content":{"rendered":"\n<div style=\"height:20px\" aria-hidden=\"true\" class=\"wp-block-spacer\"><\/div>\n\n\n\n<p><strong>EDUCADORAS<\/strong>:<\/p>\n<p><strong>K\u00ednder A<\/strong>: Evekyn Guzm\u00e1n \/ evelyn.guzman@colegio-sanandres.cl&nbsp; <\/p>\n<p><strong>K\u00ednder B: <\/strong>Carol Opazo \/ carol.opazo@colegio-sanandres.cl&nbsp;<\/p>\n\n\n\n<hr class=\"wp-block-separator\"\/>\n\n\n\n<div style=\"height:20px\" aria-hidden=\"true\" class=\"wp-block-spacer\"><\/div>\n\n\n\n<table style=\"border-collapse: collapse; width: 100%; height: 65px;\">\n<tbody>\n<tr style=\"height: 65px;\">\n<td style=\"width: 100%; text-align: justify; height: 65px;\"><span style=\"text-decoration: underline;\"><strong><em>Instrucciones Generales<\/em><\/strong><\/span>: Los estudiantes deben ver los videos de cada una de las 5 actividades de esta semana. Algunas actividades requieren utilizar el libro APTUS que estamos entregando en el colegio.<\/td>\n<\/tr>\n<\/tbody>\n<\/table>\n\n\n\n<div style=\"height:20px\" aria-hidden=\"true\" class=\"wp-block-spacer\"><\/div>\n\n\n\n<h5 style=\"text-align: justify;\"><strong>Explicaci\u00f3n Actividad N\u00b01: <\/strong><strong>Orientaci\u00f3n<\/strong><strong>.<\/strong><\/h5>\n<p><a href=\"http:\/\/www.colegio-sanandres.cl\/wp-content\/uploads\/2021\/04\/Kinder-Orientaci\u00f3n-Instrucciones-de-Trabajo.pdf\">Instrucciones de Trabajo Orientaci\u00f3n.<\/a> <\/p>\n\n\n\n<figure class=\"wp-block-embed-youtube wp-block-embed is-type-video is-provider-youtube wp-embed-aspect-16-9 wp-has-aspect-ratio wp-embed-aspect-4-3\"><div class=\"wp-block-embed__wrapper\">\n<iframe loading=\"lazy\" title=\"Clementina est\u00e1 enojada\" width=\"830\" height=\"623\" src=\"https:\/\/www.youtube.com\/embed\/Yeln9EfuVKE?feature=oembed\" frameborder=\"0\" allow=\"accelerometer; autoplay; clipboard-write; encrypted-media; gyroscope; picture-in-picture\" allowfullscreen><\/iframe>\n<\/div><\/figure>\n\n\n\n<hr class=\"wp-block-separator\"\/>\n\n\n\n<div style=\"height:45px\" aria-hidden=\"true\" class=\"wp-block-spacer\"><\/div>\n\n\n\n<h5 style=\"text-align: justify;\"><strong>Explicaci\u00f3n Actividad N\u00b02:<\/strong><strong> Pensamiento Matem\u00e1tico.<\/strong><\/h5>\n<p><a href=\"http:\/\/www.colegio-sanandres.cl\/wp-content\/uploads\/2021\/04\/Kinder-Pensamiento-Matem\u00e1tico-Instrucciones-de-Trabajo.pdf\">Instrucciones de trabajo Pensamiento Matem\u00e1tico.<\/a><\/p>\n\n\n\n<figure class=\"wp-block-embed-youtube wp-block-embed is-type-video is-provider-youtube wp-embed-aspect-16-9 wp-has-aspect-ratio wp-embed-aspect-4-3\"><div class=\"wp-block-embed__wrapper\">\n<iframe loading=\"lazy\" title=\"Contando de uno en uno\" width=\"830\" height=\"467\" src=\"https:\/\/www.youtube.com\/embed\/PA-pL3aHo04?feature=oembed\" frameborder=\"0\" allow=\"accelerometer; autoplay; clipboard-write; encrypted-media; gyroscope; picture-in-picture\" allowfullscreen><\/iframe>\n<\/div><\/figure>\n\n\n\n<hr class=\"wp-block-separator\"\/>\n\n\n\n<div style=\"height:45px\" aria-hidden=\"true\" class=\"wp-block-spacer\"><\/div>\n\n\n\n<h5 style=\"text-align: justify;\"><strong>Explicaci\u00f3n Actividad N\u00b03:<\/strong><strong> Lenguaje Art\u00edstico.<\/strong><\/h5>\n<p><a href=\"http:\/\/www.colegio-sanandres.cl\/wp-content\/uploads\/2021\/04\/Kinder-Lenguaje-Art\u00edstico-Instrucciones-de-Trabajo.pdf\">Instrucciones de Trabajo Lenguaje Art\u00edstico.<\/a> <\/p>\n\n\n\n<figure class=\"wp-block-embed-youtube wp-block-embed is-type-video is-provider-youtube wp-embed-aspect-16-9 wp-has-aspect-ratio\"><div class=\"wp-block-embed__wrapper\">\n<iframe loading=\"lazy\" title=\"Lenguaje art\u00edstico K\u00ednder\" width=\"830\" height=\"467\" src=\"https:\/\/www.youtube.com\/embed\/1dCWVcz-bO4?feature=oembed\" frameborder=\"0\" allow=\"accelerometer; autoplay; clipboard-write; encrypted-media; gyroscope; picture-in-picture\" allowfullscreen><\/iframe>\n<\/div><\/figure>\n\n\n\n<hr class=\"wp-block-separator\"\/>\n\n\n\n<div style=\"height:45px\" aria-hidden=\"true\" class=\"wp-block-spacer\"><\/div>\n\n\n\n<h5 style=\"text-align: justify;\"><strong>Explicaci\u00f3n Actividad N\u00b04:<\/strong><strong> Corporalidad y Movimiento.<\/strong><\/h5>\n<p><a href=\"http:\/\/www.colegio-sanandres.cl\/wp-content\/uploads\/2021\/04\/Kinder-Corporalidad-y-Movimiento-Instrucciones-de-Trabajo.pdf\">Instrucciones de Trabajo Corporalidad y Movimiento.<\/a><\/p>\n\n\n\n<figure class=\"wp-block-embed-youtube wp-block-embed is-type-video is-provider-youtube wp-embed-aspect-16-9 wp-has-aspect-ratio\"><div class=\"wp-block-embed__wrapper\">\n<iframe loading=\"lazy\" title=\"Corporalidad y movimiento Kinder\" width=\"830\" height=\"467\" src=\"https:\/\/www.youtube.com\/embed\/M9H7qF6h5dw?feature=oembed\" frameborder=\"0\" allow=\"accelerometer; autoplay; clipboard-write; encrypted-media; gyroscope; picture-in-picture\" allowfullscreen><\/iframe>\n<\/div><\/figure>\n\n\n\n<hr class=\"wp-block-separator\"\/>\n\n\n\n<div style=\"height:37px\" aria-hidden=\"true\" class=\"wp-block-spacer\"><\/div>\n\n\n\n<h5 style=\"text-align: justify;\"><strong>Explicaci\u00f3n Actividad N\u00b05:<\/strong><strong> Lenguaje Verbal.<\/strong><\/h5>\n<p><a href=\"http:\/\/www.colegio-sanandres.cl\/wp-content\/uploads\/2021\/04\/Kinder-Lenguaje-Verbal-Instrucciones-de-Trabajo.pdf\">Instrucciones de Trabajo Lenguaje Verbal.<\/a><\/p>\n\n\n\n<figure class=\"wp-block-embed-youtube wp-block-embed is-type-video is-provider-youtube wp-embed-aspect-16-9 wp-has-aspect-ratio\"><div class=\"wp-block-embed__wrapper\">\n<iframe loading=\"lazy\" title=\"Lenguaje verbal K\u00ednder\" width=\"830\" height=\"467\" src=\"https:\/\/www.youtube.com\/embed\/89lYcD663-E?feature=oembed\" frameborder=\"0\" allow=\"accelerometer; autoplay; clipboard-write; encrypted-media; gyroscope; picture-in-picture\" allowfullscreen><\/iframe>\n<\/div><\/figure>\n","protected":false},"excerpt":{"rendered":"<p>EDUCADORAS: K\u00ednder A: Evekyn Guzm\u00e1n \/ evelyn.guzman@colegio-sanandres.cl&nbsp; K\u00ednder B: Carol Opazo \/ carol.opazo@colegio-sanandres.cl&nbsp; Instrucciones Generales: Los estudiantes deben ver los videos de cada una de las 5 actividades de esta semana. Algunas actividades requieren utilizar el libro APTUS que estamos entregando en el colegio. Explicaci\u00f3n Actividad N\u00b01: Orientaci\u00f3n. Instrucciones de Trabajo Orientaci\u00f3n. Explicaci\u00f3n Actividad N\u00b02: [&hellip;]<\/p>\n","protected":false},"author":3,"featured_media":0,"parent":0,"menu_order":0,"comment_status":"closed","ping_status":"closed","template":"","meta":{"footnotes":""},"class_list":["post-8037","page","type-page","status-publish","hentry"],"amp_enabled":true,"_links":{"self":[{"href":"http:\/\/www.colegio-sanandres.cl\/index.php?rest_route=\/wp\/v2\/pages\/8037","targetHints":{"allow":["GET"]}}],"collection":[{"href":"http:\/\/www.colegio-sanandres.cl\/index.php?rest_route=\/wp\/v2\/pages"}],"about":[{"href":"http:\/\/www.colegio-sanandres.cl\/index.php?rest_route=\/wp\/v2\/types\/page"}],"author":[{"embeddable":true,"href":"http:\/\/www.colegio-sanandres.cl\/index.php?rest_route=\/wp\/v2\/users\/3"}],"replies":[{"embeddable":true,"href":"http:\/\/www.colegio-sanandres.cl\/index.php?rest_route=%2Fwp%2Fv2%2Fcomments&post=8037"}],"version-history":[{"count":5,"href":"http:\/\/www.colegio-sanandres.cl\/index.php?rest_route=\/wp\/v2\/pages\/8037\/revisions"}],"predecessor-version":[{"id":8254,"href":"http:\/\/www.colegio-sanandres.cl\/index.php?rest_route=\/wp\/v2\/pages\/8037\/revisions\/8254"}],"wp:attachment":[{"href":"http:\/\/www.colegio-sanandres.cl\/index.php?rest_route=%2Fwp%2Fv2%2Fmedia&parent=8037"}],"curies":[{"name":"wp","href":"https:\/\/api.w.org\/{rel}","templated":true}]}}